Suppose 208*m = -264*m + 26*m + 11596. What is the remainder when 1362 is divided by m?
10
Suppose 20*t - 34476 = -496. What is the remainder when t is divided by 55?
49
Let n(g) = 625*g**2 + 37*g - 3. What is the remainder when n(1) is divided by 55?
54
Let v(o) = 3*o**3 - 19*o**2 + 19*o - 124. What is the remainder when v(10) is divided by 144?
14
Suppose -4*g - 5*p + 12 = 1, 21 = 4*g - 5*p. Calculate the remainder when 47 is divided by (-2)/g*(-1 + -3 - 10).
5
Let h(y) = y**2 - 32*y - 323. What is the remainder when h(42) is divided by 11?
9
Suppose -294 - 133 + 7 = -30*q. Calculate the remainder when (-1084)/(-6) + 6/18 is divided by q.
13
Suppose 2*a = 4*a + 2*k + 328, 5*a = 3*k - 844. Let l = -255 - a. Let p = 89 + l. What is the remainder when p is divided by 1?
0
Calculate the remainder when (-4)/(-14) + (4350/14 - (-518)/(-74)) is divided by 297.
7
Suppose -7*x - 60 = -123. Calculate the remainder when 136/6*33/22 is divided by x.
7
Let x = -5395 - -6003. Calculate the remainder when x is divided by 7.
6
Suppose 1351 = 7*a + 1141. Let n = -95 + 182. Calculate the remainder when n is divided by a.
27
Let l be (4 + (-33)/9)/((-3)/(-27)). Suppose -3*r = -4*w + r + 304, -l*w = 5*r - 252. Calculate the remainder when w is divided by 21.
16
Suppose 0 = 2*j + j + 18. Calculate the remainder when -12*(135/j)/9 is divided by ((-3)/(12/(-8)))/(2/11).
8
Let g(f) = f + 2. Let l be g(1). What is the remainder when 40 is divided by ((-84)/((-12)/l))/(4/4)?
19
Suppose -107 = 3*p + 1. Let s = 37 + -35. Calculate the remainder when p/(-8)*-2*-2 is divided by s.
0
Suppose 9*o - 2814 = -36*o + 3*o. What is the remainder when 3 + -2 + 99 + 2 is divided by o?
35
Suppose -9000 = -9*z - z + 2*z. What is the remainder when z is divided by 162?
153
Let k(s) = -6*s**2 + 234*s + 255. Calculate the remainder when 1064 is divided by k(40).
14
Suppose -12*t + 12*t = 31*t - 41292. What is the remainder when t is divided by 6?
0
Suppose -270 = 19*o - 24*o. Let f = -65 + o. Let b = f + 35. Calculate the remainder when b is divided by 5.
4
Let z = 193 + -198. What is the remainder when 107 is divided by 35 - (z - -7)*(-2)/4?
35
Let x = 168 + -178. Let r(s) = s**2 + 6*s - 28. What is the remainder when 31 is divided by r(x)?
7
Let t(o) = -112*o + 343. What is the remainder when t(1) is divided by 122?
109
Suppose -2*l = -5*z + 10*z - 873, 4*z = -20. What is the remainder when l is divided by 73?
11
Suppose k - 3*j + 1 + 7 = 0, -k = 4*j - 20. Suppose f - k*f + 72 = 0. Suppose 258 + 71 = 7*s. Calculate the remainder when s is divided by f.
23
Let s(h) = 221*h + 2261. What is the remainder when s(-10) is divided by 22?
7
Suppose -5*a + 144 = -a. Suppose -1285 = 78*c - 25 - 8748. Calculate the remainder when c is divided by a.
24
Calculate the remainder when 88 is divided by 9/(-8)*(-184)/138*34.
37
Let t(f) = f**3 - f**2 - 6*f - 10. Let h be t(7). Suppose -20*k - 42 = -h. Calculate the remainder when 39 is divided by k.
9
Suppose -556*a + 697 = -539*a. What is the remainder when 531 is divided by a?
39
Let k(z) = -2*z + 8. Let o be k(5). Let r = 1 - o. Suppose -r*d - d = -76. Calculate the remainder when 34 is divided by d.
15
Let k(h) = 52*h - 256. Let s = 24 - -48. What is the remainder when k(9) is divided by s?
68
Suppose -341 - 14 = -5*a. Suppose 25*z - 204 = a. Calculate the remainder when 60 is divided by z.
5
Suppose -133*x = -136*x - 1656. Let c = 600 + x. Calculate the remainder when 96 is divided by c.
0
Let m(u) = -u**2 + 61*u + 245. Let p = -140 - -200. Calculate the remainder when m(58) is divided by p.
59
Suppose 10*z = 560 + 310. Let y = -61 - -105. Let h = y - 26. What is the remainder when z is divided by h?
15
Suppose 2574 = -45*s + 58*s. Calculate the remainder when 214 is divided by s.
16
What is the remainder when (-8 - 837/12)*-3*18*2 is divided by 34?
33
Suppose -2*h + 2*g = -42 - 18, 2*h + 36 = -4*g. Suppose -3*j - 569 = -5*f + 807, 0 = 3*j - 9. What is the remainder when f is divided by h?
11
Let g be (8/(-6))/((-8)/96*8). Suppose -3*d = -2*r - 52, -g*d + 5*r = -0*d - 20. Calculate the remainder when 95 is divided by d.
15
Let s = -6089 - -6587. What is the remainder when s is divided by 92?
38
Calculate the remainder when 6973 is divided by (-673)/(-9) + 5*-2*25/(-1125).
73
Calculate the remainder when 192 is divided by (-132)/44 + 1 + 41.
36
What is the remainder when 265 is divided by (-32)/(-96) + 62/3?
13
Let z(o) = 7*o**2 + 8*o - 8. Let l(a) = 2*a**2 - 8*a - 2. Let m be l(7). What is the remainder when z(-3) is divided by (27/(-15))/((-6)/m)?
7
Suppose 371*q = 386*q - 2190. Let l = 99 - 11. Let a = q - l. What is the remainder when 115 is divided by a?
57
Let v = 1797 - 1529. Calculate the remainder when v is divided by 7.
2
Suppose -23*i = -6*i - 51. Suppose 3*z - 18 = -i. Let n = 55 - z. Calculate the remainder when n is divided by 18.
14
Let i = 471 - 443. Let s(k) = 6*k - 154. Suppose -m + 24 = -0*m. Calculate the remainder when m is divided by s(i).
10
Let y(x) = 86*x**2 + 232*x + 2935. What is the remainder when y(-13) is divided by 245?
243
Let y(h) = 57*h + 3. Let w be y(1). Suppose w*f = 56*f - 468. Let p = -86 - f. Calculate the remainder when 56 is divided by p.
25
Suppose -61*o + 170 = -59*o. Calculate the remainder when (-169)/(-8) - o/680 is divided by 7.
0
Let k(b) = b**3 + 17*b**2 + 18*b + 30. Let u be k(-16). Let z = u - -7. Calculate the remainder when 9 is divided by z.
4
Calculate the remainder when -21 + 331 + (6/(-15))/(4/10) is divided by 79.
72
Suppose 2*l - 171 = -o, -4*l + 5*o + 276 = -31. Calculate the remainder when 323 is divided by l.
74
Let h(j) = 7*j + 45. Let b be h(-14). Let v = 103 + b. Suppose -v = -9*x + 40. What is the remainder when 37 is divided by x?
7
Suppose -3*v - v + 84 = 0. Let a = -190 + 250. Let k = -54 + a. Calculate the remainder when v is divided by k.
3
Suppose 149 = 3*b - 133. Let i be ((-53)/2)/(1/2). Let p = i + 77. What is the remainder when b is divided by p?
22
Suppose 0 = -4*g + 4*x - 4, 5*g - 86*x - 3 = -85*x. Let l = -1 - -4. Suppose 0 = -4*j + l + 1. What is the remainder when j is divided by g?
0
Let h(g) = 4*g**2 - 33*g - 146. What is the remainder when h(-5) is divided by (4/22 + (-340)/660)*-99?
20
Let g be 2/(-4)*(-2 + 2). Suppose -12 = -g*z - 3*z. Suppose z*a + 24 = 8*a. Calculate the remainder when 28 is divided by a.
4
Suppose 150 = 5*y - 5*b, -5*y - 23*b + 126 = -25*b. What is the remainder when 3002 is divided by y?
10
Suppose 170*j - 4779 = 1001. Calculate the remainder when 277 is divided by j.
5
Let p(n) = -199*n + 13553. Let o(j) = 2*j**3 - 4*j**2 + j. Let l be o(-3). Let y = 175 + l. What is the remainder when y is divided by p(68)?
19
What is the remainder when (-3)/(2/778*(157 + -158)) is divided by 148?
131
Suppose 14*l = 1 + 69. Suppose -l*w + 10*t = 7*t - 301, -5*w - 3*t = -319. What is the remainder when w is divided by 1?
0
Suppose 0 = -10*z + 2232 + 1948. Let s = z - 314. Suppose 0 = 2*h, h - 15 = -y + 5*h. What is the remainder when s is divided by y?
14
Suppose 2*a = -2*u + 1481 + 593, u = 3*a - 3107. Calculate the remainder when a is divided by 80.
76
Let q = 3143 - 3012. Calculate the remainder when 373 is divided by q.
111
Let r = 2174 + -2165. Suppose 3*x - 18 = -0*x. Suppose -d = -x*d + 15. Calculate the remainder when r is divided by d.
0
Suppose w - 9*w = 5*w. Let y(g) be the first derivative of -g**4/4 + g**3/3 + g**2 + 26*g - 1. Calculate the remainder when y(w) is divided by 8.
2
Let f(h) = h**3 + 12*h**2 + 5*h - 4. Suppose 4*o + 13 + 205 = -3*k, -o - 2 = 0. Let t = k + 86. What is the remainder when f(-11) is divided by t?
14
Let t(k) = -10*k**2 + 2*k. Let f be t(2). Let p = -38 - f. Calculate the remainder when 47 is divided by 12/18*(7 - p).
5
Let f(g) = g**2 - g - 53. Let n be f(-7). What is the remainder when (-7)/(14/(-746)) + n is divided by 27?
25
Let h(c) = c**2 + 8*c - 97. Let q be h(-15). Suppose k = -3*g + 96, 10*g = q*g - 3*k + 57. What is the remainder when 4/14 - 677/(-7) is divided by g?
31
Let b be 2*9/(-24)*(-8)/2. Let h = -1 - b. Calculate the remainder when 27 - 1/h*-4 is divided by 6.
2
Let q(d) = -24*d - 17. Let i be q(-9). Suppose -4*y + i = 3*h - 193, 4*h = -5*y + 489. Let m = -432 - -447. Calculate the remainder whe